nder when 34122 is divided by 17056.
10
Calculate the remainder when 480734 is divided by 8.
6
Calculate the remainder when 49431 is divided by 334.
333
Calculate the remainder when 499 is divided by 105.
79
Calculate the remainder when 339 is divided by 64.
19
What is the remainder when 18096 is divided by 17?
8
What is the remainder when 492584 is divided by 1838?
0
What is the remainder when 150429 is divided by 48?
45
What is the remainder when 29609 is divided by 44?
41
What is the remainder when 1144 is divided by 285?
4
Calculate the remainder when 674492 is divided by 477.
14
What is the remainder when 122238 is divided by 61?
55
Calculate the remainder when 73445 is divided by 617.
22
What is the remainder when 16021 is divided by 142?
117
What is the remainder when 101912 is divided by 15?
2
Calculate the remainder when 2419 is divided by 407.
384
Calculate the remainder when 3983457 is divided by 20.
17
Calculate the remainder when 834 is divided by 498.
336
Calculate the remainder when 9855 is divided by 308.
307
What is the remainder when 353487 is divided by 181?
175
What is the remainder when 86337 is divided by 251?
244
Calculate the remainder when 1938 is divided by 4.
2
Calculate the remainder when 25494 is divided by 170.
164
What is the remainder when 13597 is divided by 469?
465
What is the remainder when 942 is divided by 73?
66
Calculate the remainder when 296 is divided by 11.
10
What is the remainder when 2577 is divided by 857?
6
What is the remainder when 7778 is divided by 142?
110
Calculate the remainder when 162 is divided by 140.
22
What is the remainder when 22605 is divided by 6?
3
Calculate the remainder when 2846 is divided by 151.
128
What is the remainder when 16947 is divided by 2?
1
Calculate the remainder when 25214 is divided by 582.
188
Calculate the remainder when 16953 is divided by 8432.
89
What is the remainder when 311915 is divided by 176?
43
What is the remainder when 637030 is divided by 2413?
2411
Calculate the remainder when 223242 is divided by 37.
21
What is the remainder when 160332 is divided by 509?
506
What is the remainder when 9649 is divided by 46?
35
Calculate the remainder when 1421 is divided by 885.
536
Calculate the remainder when 40679 is divided by 8.
7
What is the remainder when 3049 is divided by 332?
61
What is the remainder when 1407921 is divided by 31?
25
Calculate the remainder when 45897 is divided by 4588.
17
Calculate the remainder when 13884 is divided by 124.
120
What is the remainder when 56752 is divided by 18?
16
Calculate the remainder when 717563 is divided by 45.
38
Calculate the remainder when 20136 is divided by 20.
16
What is the remainder when 3502 is divided by 28?
2
Calculate the remainder when 29727 is divided by 7417.
59
What is the remainder when 9388 is divided by 122?
116
Calculate the remainder when 16894 is divided by 1502.
372
What is the remainder when 104474 is divided by 34799?
77
What is the remainder when 262389 is divided by 666?
651
What is the remainder when 4108 is divided by 984?
172
What is the remainder when 84030 is divided by 389?
6
Calculate the remainder when 10490 is divided by 2096.
10
Calculate the remainder when 49306 is divided by 24642.
22
Calculate the remainder when 3056 is divided by 35.
11
Calculate the remainder when 443345 is divided by 1235.
1215
What is the remainder when 892 is divided by 85?
42
What is the remainder when 8635 is divided by 8403?
232
What is the remainder when 6122 is divided by 35?
32
What is the remainder when 273147 is divided by 7188?
3
Calculate the remainder when 3423 is divided by 16.
15
What is the remainder when 25260 is divided by 902?
4
What is the remainder when 1493076 is divided by 42?
18
Calculate the remainder when 49672 is divided by 87.
82
Calculate the remainder when 21299 is divided by 21198.
101
What is the remainder when 2013924 is divided by 28?
24
What is the remainder when 35998 is divided by 18?
16
Calculate the remainder when 72376 is divided by 778.
22
Calculate the remainder when 16840 is divided by 16836.
4
What is the remainder when 265676 is divided by 254?
246
Calculate the remainder when 85399 is divided by 14.
13
What is the remainder when 63735 is divided by 188?
3
What is the remainder when 14583 is divided by 16?
7
What is the remainder when 754561 is divided by 377269?
23
Calculate the remainder when 79048 is divided by 7904.
8
Calculate the remainder when 1211 is divided by 109.
12
Calculate the remainder when 12747 is divided by 294.
105
Calculate the remainder when 1394688 is divided by 31.
29
Calculate the remainder when 102001 is divided by 750.
1
What is the remainder when 36075 is divided by 23?
11
Calculate the remainder when 48488 is divided by 401.
368
What is the remainder when 8383 is divided by 44?
23
Calculate the remainder when 6996 is divided by 378.
192
Calculate the remainder when 658717 is divided by 634.
625
Calculate the remainder when 78716 is divided by 120.
116
What is the remainder when 125924 is divided by 427?
386
Calculate the remainder when 2166348 is divided by 16.
12
What is the remainder when 6201 is divided by 477?
0
What is the remainder when 39997 is divided by 19954?
89
Calculate the remainder when 6659 is divided by 416.
3
Calculate the remainder when 176858 is divided by 42.
38
What is the remainder when 1210 is divided by 152?
146
Calculate the remainder when 7225 is divided by 352.
185
Calculate the remainder when 4404 is divided by 87.
54
Calculate the remainder when 52910 is divided by 2649.
2579
Calculate the remainder when 70579 is divided by 23395.
394
What is the remainder when 10686 is divided by 8?
6
What is the remainder when 129 is divided by 84?
45
What is the remainder when 12078 is divided by 5979?
120
What is the remainder when 8558 is divided by 8508?
50
What is the remainder when 204212 is divided by 683?
678
Calculate the remainder when 7751 is divided by 7.
2
Calculate the remainder when 24643 is divided by 24.
19
Calculate the remainder when 78475 is divided by 21.
19
What is the remainder when 73839 is divided by 1846?
1845
What is the remainder when 7054 is divided by 99?
25
What is the remainder when 9660523 is divided by 21?
19
Calculate the remainder when 15337 is divided by 1703.
10
What is the remainder when 30881 is divided by 718?
7
What is the remainder when 572 is divided by 158?
98
Calculate the remainder when 6206 is divided by 689.
5
What is the remainder when 13344 is divided by 189?
114
Calculate the remainder when 284664 is divided by 12939.
6
What is the remainder when 9389 is divided by 14?
9
Calculate the remainder when 33274 is divided by 66.
10
Calculate the remainder when 637913 is divided by 318950.
13
What is the remainder when 17611 is divided by 78?
61
What is the remainder when 2183 is divided by 2145?
38
What is the remainder when 10823 is divided by 10254?
569
Calculate the remainder when 630 is divided by 448.
182
Calculate the remainder when 40800 is divided by 61.
52
What is the remainder when 40885 is divided by 231?
229
Calculate the remainder when 36788 is divided by 836.
4
Calculate the remainder when 11561 is divided by 227.
211
What is the remainder when 52063 is divided by 112?
95
Calculate the remainder when 540 is divided by 279.
261
What is the remainder when 27197 is divided by 461?
459
Calculate the remainder when 7236 is divided by 102.
96
What is the remainder when 905 is divided by 271?
92
What is the remainder when 28060 is divided by 935?
10
What is the remainder when 2469 is divided by 171?
75
Calculate the remainder when 378272 is divided by 16446.
14
What is the remainder when 26723 is divided by 68?
67
What is the remainder when 1971 is divided by 481?
47
What is the remainder when 3488 is divided by 422?
112
Calculate the remainder when 445908 is divided by 430.
428
What is the remainder when 951 is divided by 343?
265
Calculate the remainder when 394159 is divided by 26.
25
Calculate the remainder when 161960 is divided by 79.
10
What is the remainder when 11207 is divided by 93?
47
Calculate the remainder when 71092 is divided by 624.
580
Calculate the remainder when 4984 is divided by 446.
78
Calculate the remainder when 7323 is divided by 